 + 297, 3*h = 2*f + 519. Let m be (8 + -4 - 4) + 54. Suppose 5*k - m = h. What are the prime factors of k?
3, 5
What are the prime factors of 400407/39 - (-140)/910?
10267
Suppose -18 = -5*n + 2, 0 = 2*a - 3*n - 24. Suppose -g = -3, -a*g + 199 = u - 19*g. List the prime factors of u.
2, 101
Let i(n) = -n**3 + 53*n**2 - 100*n - 180. What are the prime factors of i(46)?
2, 3, 11, 19
Let r(k) = 19487*k**2 + 1383*k + 2760. List the prime factors of r(-2).
2, 38971
Suppose -4*w + 50 = -10. Suppose -w*i + 977 = -1453. List the prime factors of i.
2, 3
Let n be ((-162)/(-216))/(3/40) - 10. Let r(c) be the third derivative of -c**6/120 - c**5/60 + c**4/24 + 41*c**3/6 - c**2. What are the prime factors of r(n)?
41
Suppose -21690 = -46*n + 13316. Suppose 0 = n*l - 763*l + 3796. What are the prime factors of l?
2, 13, 73
Let i be 44/198 + (1 - (-3422)/(-9)). Let w = -280 - i. List the prime factors of w.
3, 11
Suppose 0 = -15*z + 10*z - 2*o + 49349, 3*z - 29609 = -o. List the prime factors of z.
71, 139
Let p = 226 - 45. Suppose 2*q - p = 107. What are the prime factors of q?
2, 3
Let p = 3547 + -1283. Suppose -2088 = -8*f + p. Suppose 0 = 3*q + 5*d - 408, -2*d + f = 4*q - d. List the prime factors of q.
2, 17
Suppose 3*a + 8*a = 2*a. Let h(i) = -i**3 - i**2 - 73. Let t be h(a). Let d = t + 188. List the prime factors of d.
5, 23
Let a(u) = -u**2 + 7*u + 9. Let t be a(7). What are the prime factors of (-36 - -47)*(t + 1)?
2, 5, 11
Suppose -16*k + 24*k - 448 = 0. Suppose k*c - 2*c = 87264. List the prime factors of c.
2, 101
Let x(v) = 615*v**2 + 28*v - 142. List the prime factors of x(-5).
3, 13, 43
Let b = 765 - 759. What are the prime factors of (3 + (-20)/b)/((-3)/6066)?
2, 337
Let k = 431 + -716. Let u = k - -404. Let q = 197 - u. List the prime factors of q.
2, 3, 13
Let g(v) = 5*v - 20 + 25*v - 12. What are the prime factors of g(7)?
2, 89
Suppose 3*x - 54 = 51. Let r = 35 + x. List the prime factors of r.
2, 5, 7
Let l = 28229 + -15713. List the prime factors of l.
2, 3, 7, 149
Let s be (107964/40)/(-1) - (-12)/120. Let j = -1631 - s. List the prime factors of j.
2, 3, 89
Let k = -8 + -187. Let d = 126 - 421. Let h = k - d. What are the prime factors of h?
2, 5
Let t = 63 - 58. Let j be (t/(-12 + 2))/(1/(-6)). Suppose -5*m = 0, -o - j*o + 708 = m. What are the prime factors of o?
3, 59
Suppose 5*o = 3*s - 12602 - 7438, 5*o - 26685 = -4*s. List the prime factors of s.
3, 5, 89
Let k = 16904 + -10040. List the prime factors of k.
2, 3, 11, 13
Let x(f) = 169*f + 4. Let n be x(-2). Let k = -154 - n. Let h = k + -85. List the prime factors of h.
5, 19
Let g(j) = j**3 - j + 87. Let w be (11/5 - (-4)/(-20)) + 2. Suppose 14*c - w*c = 0. List the prime factors of g(c).
3, 29
Let d = -3684 - -7096. What are the prime factors of d?
2, 853
Let u = 53273 - 36385. List the prime factors of u.
2, 2111
Let t = 3634 + 12360. List the prime factors of t.
2, 11, 727
Suppose -63*w - 86*w = -216348. What are the prime factors of w?
2, 3, 11
Let n be (-1 - 155) + (-72)/(-9) + -7. Let x = n + 74. Let i = x + 154. What are the prime factors of i?
73
Let d(u) = 2062*u**2 - 48*u + 10. What are the prime factors of d(3)?
2, 7, 47
Let q = -1450 + 13609. What are the prime factors of q?
3, 7, 193
List the prime factors of 80152 - (-133)/7 - -19.
2, 3, 5, 11
Suppose 21*k = 20*k + 18. Suppose 3*o = -5*n + 2126, 16*n - 5*o = k*n - 839. List the prime factors of n.
7, 61
What are the prime factors of 731/(-3)*(-5994)/36*(-1 - -3)?
3, 17, 37, 43
Suppose k = -4*p + 48209, -23*p = -2*k - 25*p + 96454. List the prime factors of k.
139, 347
Let x(p) = p**2 - p - 1. Suppose 0 = 5*y - 18 + 28. Let o(c) = -6*c**2 + 4*c - 9. Let z(u) = y*x(u) - o(u). List the prime factors of z(6).
11, 13
Suppose 5*p = -5*g - 1540, 4*g = g - p - 934. Let y = g + 458. Suppose 4*i - 15 = y. What are the prime factors of i?
2, 5
Let n = -425 - -654. Let g = 161 - n. Let h = g - -110. What are the prime factors of h?
2, 3, 7
List the prime factors of (1 + (-701)/(-2))/(4/72).
3, 19, 37
Let a = -2958 - -4373. What are the prime factors of a?
5, 283
Let y(k) = -k**3 + 43*k**2 + 157*k - 12. List the prime factors of y(41).
9787
Let w(z) be the third derivative of z**5/60 + 3*z**4/8 - 77*z**3/2 - 81*z**2. What are the prime factors of w(-46)?
1471
Suppose 4*o - 8 = -5*f, -3 = 4*f - o - 1. Suppose -3*n + 4*n - 5 = 5*q, f = -2*n + 4*q - 8. What are the prime factors of n/((-40)/(-12) + -4)?
3, 5
Let z(a) = 3*a**2 - a + 122. Let m = -140 + 156. What are the prime factors of z(m)?
2, 19, 23
Let q(l) = 15*l**3 + 15*l**2 - 28*l - 86. Let a(p) = 7*p**3 + 8*p**2 - 13*p - 43. Let y(s) = 13*a(s) - 6*q(s). List the prime factors of y(-10).
367
Let b = 10717 + -6086. List the prime factors of b.
11, 421
Let g(m) = m**3 - 2*m**2 - 5*m + 8. Let n be g(3). Suppose 6*d + n = 14. Suppose d*z + 22 = 142. List the prime factors of z.
2, 3, 5
Suppose -3*c = r - 9125, 15*c - 12*c - 9122 = -4*r. Suppose -2*p + 2027 = -a - 0*a, -c = -3*p + 2*a. What are the prime factors of p?
2, 11, 23
Let f(l) = -l**3 - 13*l**2 + 28*l - 24. Let v be f(-15). Suppose -5958 = -5*j + a, v = 5*a - 4. What are the prime factors of j?
2, 149
Suppose -3*m = z - 0*z - 8, 4*z + m - 21 = 0. Let o(b) = -5*b - 12*b + 1 + b**2 + 5*b + z. What are the prime factors of o(19)?
139
Let r(q) = -339*q**3 + 12*q**2 + 77*q + 17. List the prime factors of r(-4).
3, 23, 313
Let j(l) = 6*l - 16. Let d be j(3). Suppose b - d*k - 387 = 0, -7*b + 8*b - 392 = -3*k. List the prime factors of b.
389
Suppose 3*l + 2*c = 8896, -2*l + 3*c + 2*c + 5956 = 0. What are the prime factors of l?
2, 7, 53
Let u = 1568 - 2462. Let g = -545 - u. What are the prime factors of g?
349
Let l(h) = 2*h**3 - 25*h**2 + 98*h - 9. Let y(z) = -z**3 - z**2 - 1. Let g(c) = -l(c) - 3*y(c). What are the prime factors of g(-31)?
167
Suppose 12*m - 23919 = 7341. List the prime factors of m.
5, 521
Suppose -6*p = 4*p - 990. Suppose 3*u - 3*i - 1152 = 0, p = -3*u - 4*i + 1272. Let z = 547 - u. List the prime factors of z.
2, 5
Let w(f) be the third derivative of f**4/12 - 5*f**3/3 - 7*f**2. Let o be w(5). Suppose o = -9*u + 6*u + 162. What are the prime factors of u?
2, 3
Let i(a) = 3164*a. What are the prime factors of i(1)?
2, 7, 113
Let j(o) = o**2 + 133. Let i be j(0). Suppose -3*a - 4*a = -i. Suppose -4*b + 3*b + a = 0. List the prime factors of b.
19
Let t = 832 + -727. Suppose 152 = 21*f - 17*f. Suppose -13*j = -t - f. What are the prime factors of j?
11
Suppose 4*j + 4*i - 136 = 2*i, i + 4 = 0. Let g = -35 + j. What are the prime factors of 1*(-1 + g*204)?
7, 29
Let f = 347 + 973. Suppose -117*p + f = -112*p. What are the prime factors of p?
2, 3, 11
List the prime factors of 24/52*-13*22731/(-18).
7577
Suppose -12310 = 1100*o - 1110*o. What are the prime factors of o?
1231
Let n be (5 + -7)*-43 - -2. Let c = n - 18. Let d = 213 + c. List the prime factors of d.
283
Suppose 4*p + 11*s + 2*s = 40031, -5*s = -5*p + 49975. What are the prime factors of p?
2, 4999
Suppose -5*v = 0, -f = -3*f - 2*v. What are the prime factors of ((-264)/(-110))/((-2)/(-355) + f)?
2, 3, 71
Suppose -3 = -m, -5*m + 23346 = 5*l - 2*l. List the prime factors of l.
7, 11, 101
Let m(t) = -5*t**2 + 14*t + 36. Let z be m(8). Let v be (-3)/(4/((-3864)/9)). Let d = v + z. What are the prime factors of d?
2, 3, 5
Let q = -187 - -266. Suppose -1 = z - q. Suppose 4*h + 4*g = z + 18, 5*h - 121 = -4*g. What are the prime factors of h?
5
Suppose n - 39 = -34. Let q be n/(105/(-132)) + (-4)/(-14). What are the prime factors of (3 - -6) + q + 1?
2
Let b(k) = k**3 + 6*k**2 + 16*k + 165. Let p be b(-7). Suppose 5*u - 15 = 0, p*o + 3*u = -1832 + 9817. List the prime factors of o.
2, 997
What are the prime factors of (1 - -1374) + 0 - (-104)/(-13)?
1367
Suppose -35*w - 20 = -40*w. Suppose 0 = -4*v, v - 2 = w*p + 2. Let d = 7 + p. What are the prime factors of d?
2, 3
Let f = -14361 - -46178. What are the prime factors of f?
31817
Let r(a) = -a**2 + 22*a + 145. Let j = 181 + -186. What are the prime factors of r(j)?
2, 5
Let h(g) = 32*g**3 + 3*g**2 - 16*g - 16. Let z be h(-4). Let d = -669 - z. What are the prime factors of d?
1283
List the prime factors of (-324)/756 + 394746/21.
18797
Let z(n) = 5*n**3 + 11*n**2 + 10*n - 51. Let v(f) = -7*f**